highest common factor of l and z.
10
Let u = -38 + 42. Suppose -u*v - 99 = -5*v. Suppose -43 = -5*i + 12. Calculate the greatest common factor of v and i.
11
Suppose -1573 = -20*g + 3867. Suppose 0 = 3*p - 2*l - g, -5*p - 5*l + 439 + 6 = 0. Calculate the greatest common factor of 18 and p.
18
Let d(m) = 68*m**2 + 18*m - 50. Let y be d(3). Let v = -134 + 190. What is the highest common divisor of y and v?
56
Let y be -18 + 12352/560 + (-6)/105. What is the greatest common factor of 14108 and y?
4
Let p(u) = -u**3 - 81*u**2 - 106*u + 928. Let m be p(-80). What is the greatest common divisor of m and 47?
47
Suppose -w - 54 = -3*g, -g - w + 3*w = -23. Let a(q) = -q**3 + 351*q**2 - 11893*q - 296. Let f be a(313). What is the greatest common divisor of g and f?
17
Suppose -17*b - 2*n = -224, 3*b + n + 3*n - 14 = 0. What is the greatest common divisor of b and 161?
7
Let n be (-13 - -37)/((-15)/90*-12). Let h be 6/(-21) + 4204/14. What is the highest common divisor of h and n?
12
Let v be 54/(-243) - (3 + -3 + 76281/(-27)). What is the greatest common divisor of v and 25?
25
Let v(l) = 33*l**3 + 2*l**2 + 155*l - 156. Let i be v(1). What is the greatest common divisor of i and 13022?
34
Let v = -4034 - -4190. Calculate the greatest common factor of 884 and v.
52
Suppose 2*y = -5*d + 186354, 3*d - 6540 - 105272 = -y. What is the highest common factor of 10 and d?
10
Let l(k) = -13*k**3 + 3*k**2 + k + 20. Let q be l(-8). Let f be q/252 + 4/(-18). What is the greatest common factor of f and 27?
27
Let c = 20678 - 20333. What is the highest common factor of 705 and c?
15
Let s = -842 - -1652. Suppose -3*v - 14 = 1, -2*v = -5*u + s. What is the greatest common factor of 64 and u?
32
Let q = -11227 - -11278. What is the highest common factor of q and 3145?
17
Suppose -q + 7*j = 3*j - 21, 0 = -5*q + 3*j + 37. Let b = 3 - 1. Suppose 12 = l + 3*v, q*l + b*v - 51 = 22. What is the greatest common factor of l and 5?
5
Suppose 25*s - 15*s = 700. Suppose 11*d = 4*d + s. Let u = 207 - 137. What is the greatest common divisor of u and d?
10
Let r(t) = t**3 + 20*t**2 - 4*t - 77. Let l be r(-20). Suppose 0 = -18*d + 20*d + l*x - 55, d - 41 = 3*x. Calculate the highest common divisor of d and 192.
32
Let s(h) = 26*h**2 - 9*h + 9. Let c be s(1). Suppose -2*t - 15 = -3*v - 186, 2*t + 5*v - 131 = 0. What is the greatest common factor of c and t?
26
Suppose -53*p + 224*p - 380133 = 0. What is the greatest common factor of p and 78?
39
Let j(f) = -f**2 - 4*f + 1. Let w = 68 - 71. Let z be j(w). Suppose -3*d - 95 = -z*d. Calculate the highest common divisor of d and 38.
19
Let v be (-1 + -2)*-1 + -1. Suppose -2*w = v*w - 40. Let o = -1754 - -1769. Calculate the highest common divisor of w and o.
5
Let a = 7932 - 6420. Calculate the highest common factor of a and 728.
56
Let k = -10387 + 10395. What is the greatest common divisor of 1404 and k?
4
Let j = 141 - 78. Let q = -50 + j. Suppose -23*n + 19*n + 156 = 0. Calculate the greatest common divisor of q and n.
13
Let m(c) = -c**3 - 8*c**2 - 15*c - 9. Suppose -3*z - 19 + 1 = 0. Let t be m(z). Calculate the greatest common divisor of 69 and t.
3
Let u(p) = -p**3 - 8*p**2 - 4*p - 9. Let m be u(-6). Let x = m + 139. What is the highest common factor of 205 and x?
41
Suppose -102 = c - f + 27, 5*c = -2*f - 666. Let r = 142 + c. Calculate the highest common factor of 710 and r.
10
Suppose 6*z = 5*z - z + 34. Let u(w) = w**2 + 68. Let p be u(0). Calculate the greatest common factor of p and z.
17
Let a = -251 + 245. Let q be (-4 + 5 - (3 + 0))*a. What is the highest common divisor of q and 30?
6
Let i(j) = -2*j**3 + 32*j**2 - 4*j - 145. Let x be i(15). What is the highest common factor of x and 55?
5
Let s = 7551 - 4912. What is the greatest common factor of 91 and s?
91
Suppose 3*v - 52548 = -24*v + 30315. Calculate the greatest common divisor of v and 693.
99
Suppose -22920 + 133395 = 90*r + 2475. What is the greatest common factor of 96 and r?
48
Suppose 0 = -2*z + 2*k + 208, 2*z - 102 = 5*k + 121. Calculate the greatest common divisor of z and 1617.
33
Let v = 57 + -51. Let d be (-452)/(-9) + v/(-27). Let n = d + 6. What is the greatest common factor of 42 and n?
14
Suppose 2*k - 10 = -c, -10*c = -4*k - 7*c. Let v(x) = 43*x - 38. Let t be v(k). Calculate the greatest common divisor of t and 1001.
91
Suppose -3*r - l = -839, -r - 2*l + 277 = -3*l. Let d = r - 58. Calculate the highest common divisor of d and 34.
17
Let a = 88 + -74. Let u(z) be the third derivative of -z**5/60 - 13*z**4/12 - z**3 + 6*z**2. Let r be u(-16). What is the greatest common divisor of r and a?
14
Let q(v) = -2*v**2 + 24*v + 2. Let j be q(12). Let w be (11 + -2)*(16/6 - j). Suppose 75 + 15 = w*z. What is the greatest common factor of 3 and z?
3
Let j be (3 - 3)*3/(-6). Suppose 4*v - v - 57 = j. Suppose -q = -v - 15. Calculate the highest common factor of 102 and q.
34
Suppose 0 = -93*x + 107*x - 8610. Calculate the greatest common divisor of x and 15.
15
Let d(b) = 58*b**3 + 3*b**2 - 18*b - 2. Let c be d(3). What is the greatest common divisor of 424 and c?
53
Let s(o) = -9*o + 12. Let v = 26 - 38. Let r be s(v). What is the highest common divisor of r and 48?
24
Let f be (-13)/((12245/1870)/(-31) - (-2)/11). What is the greatest common factor of 26 and f?
26
Let a = 2214 - 1093. Calculate the highest common factor of 944 and a.
59
Let h be 540/140 - (-32)/28. What is the highest common factor of h and 3205?
5
Let w be 1 - 1 - 5*-1. Let f be 1*2/4*0 - -3. Let n be f/(-4) - 83/(-4). What is the highest common factor of n and w?
5
Suppose 0 = 2*r - 9*r + 14. Suppose 0 = -r*s + 3*s - 7. Suppose z - 13 = 8. What is the greatest common divisor of s and z?
7
Let p = 43 - 29. Suppose 32 = 18*n - p*n. Calculate the highest common factor of n and 16.
8
Let b(q) = 12*q**2 + 282*q + 3042. Let l be b(-11). Calculate the greatest common factor of l and 1008.
48
Let t be 899/319 + 2/11 + 2. Suppose -3*d + 8*d = -5*z + 225, -2*d + 3*z = -65. What is the greatest common divisor of d and t?
5
Let o be (24/(-21))/((-1)/7). Suppose -4*k + o*k - 576 = -4*x, -4*k + 4*x + 576 = 0. What is the highest common divisor of 18 and k?
18
Let b = 17 - -2. Suppose -b*r + 2*r = -1071. What is the highest common divisor of 126 and r?
63
Let s(n) = n**2 - 6*n - 21. Let c be s(8). Let a be 4 + -5 + 2 + (-175)/c. Calculate the greatest common divisor of a and 8.
4
Suppose 5*j - 2*w + 618 = 0, -3*j = -6*j - w - 373. Let v = -69 - j. What is the highest common divisor of v and 11?
11
Suppose -59 = -2*u - 2*w - 57, 0 = -14*u - w + 92. What is the greatest common factor of u and 13?
1
Let i(a) be the first derivative of a**4/4 + 2*a**3/3 + a**2/2 + 385*a - 36. Let k be i(0). What is the greatest common divisor of 77 and k?
77
Let n = 15810 + -15666. What is the highest common factor of n and 768?
48
Let t be 34 + -1 + (-48)/(-24). Suppose -2*a - 8 = 0, -2*m = -3*m + a + t. What is the highest common factor of m and 31?
31
Suppose 3*x - 5*b = -23, 5*x + 3*b = 2*x + 9. Let g be x/(-4) + (4 - 72/32). Calculate the greatest common divisor of 23 and g.
1
Let z be -1*(-2 + -23) - -2. Let p = -192 - -284. Suppose -2*b + p = 5*i, 0 = -8*b + 6*b + 2. Calculate the highest common factor of z and i.
9
Let q(u) = 5*u**3 + 6*u**2 - 115*u + 22. Let h be q(13). Calculate the greatest common factor of h and 76.
38
Let g(r) = -9*r - 24. Let i = -84 - -77. Let c be g(i). What is the highest common factor of 52 and c?
13
Suppose -20*w + 101 = -99. Calculate the greatest common divisor of 5095 and w.
5
Let k(g) = 577*g - 4570. Let f be k(8). Calculate the greatest common divisor of 4163 and f.
23
Let d be (-48)/(-20)*60/9. Suppose 15*l - 158 = 172. Suppose -5*z = -3*i - l - 18, 0 = i. Calculate the highest common factor of d and z.
8
Suppose 0 = -4*c - 3*s - 255, 5*c + 28 = 2*s - 308. Let u = c - -92. Calculate the greatest common factor of 91 and u.
13
Let k be (-6 + 152)/(-2)*-1. Let f = k + -64. Calculate the highest common factor of f and 144.
9
Let v(n) = -294*n + 7728. Let j be v(26). What is the highest common divisor of j and 2982?
42
Let n = 809 - -175. What is the highest common factor of 48 and n?
24
Let j(z) = z**3 + 2*z**2 - z + 4. Let h be j(0). Suppose 0 = 4*x - h*t - 124, t + 2 = -3. Calcula